{"id":250,"date":"2017-02-15T14:16:16","date_gmt":"2017-02-15T13:16:16","guid":{"rendered":"http:\/\/devgolf45.fr\/?page_id=250"},"modified":"2025-12-08T18:55:10","modified_gmt":"2025-12-08T17:55:10","slug":"vaugouard","status":"publish","type":"page","link":"https:\/\/www.amicale-golf-seniors-45.com\/index.php\/vaugouard\/","title":{"rendered":"La Picardi\u00e8re, Vaugouard, Nancay"},"content":{"rendered":"<p>[vc_row][vc_column][vc_column_text]<\/p>\n\n\n<div class=\"wp-block-columns is-layout-flex wp-container-core-columns-is-layout-9d6595d7 wp-block-columns-is-layout-flex\">\n<div class=\"wp-block-column is-layout-flow wp-block-column-is-layout-flow\" style=\"flex-basis:66.66%\"><div class=\"wp-block-image\">\n<figure class=\"alignright size-full is-resized\"><img loading=\"lazy\" decoding=\"async\" width=\"300\" height=\"190\" src=\"https:\/\/www.amicale-golf-seniors-45.com\/wp-content\/uploads\/2024\/04\/Logo-PICARDIERE-300x190-3.png\" alt=\"\" class=\"wp-image-4133\" style=\"width:175px\"\/><\/figure>\n<\/div>\n\n\n<h2 class=\"wp-block-heading\"><strong>Golf de La Picardi\u00e8re<\/strong><\/h2>\n\n\n\n<p>AS Golf de Vierzon la Picardi\u00e8re<br>18100 VIERZON<br>T\u00e9l. 02 38 89 79 00<br>Mail. contact@golfdelapicardiere.com<br>Web. <a href=\"https:\/\/www.golfdelapicardiere.com\/\">www.golfdelapicardiere.com<\/a><a href=\"www.golfdelapicardiere.com\" target=\"_blank\" rel=\"noreferrer noopener\"><br><\/a>Le parcours dix-huit trous (par 72 de 5 873 m\u00e8tres) se d\u00e9ploie sur un domaine de soixante hectares parsem\u00e9 de vieux ch\u00eanes et de petits lacs<\/p>\n<\/div>\n\n\n\n<div class=\"wp-block-column is-vertically-aligned-center is-layout-flow wp-block-column-is-layout-flow\" style=\"flex-basis:33.33%\">\n<figure class=\"wp-block-image size-full is-resized\"><img loading=\"lazy\" decoding=\"async\" width=\"300\" height=\"179\" src=\"https:\/\/www.amicale-golf-seniors-45.com\/wp-content\/uploads\/2022\/06\/LaPicardiere-300x200-2.jpg\" alt=\"\" class=\"wp-image-3095\" style=\"width:389px;height:230px\"\/><\/figure>\n<\/div>\n<\/div>\n\n\n\n<div class=\"wp-block-columns is-layout-flex wp-container-core-columns-is-layout-9d6595d7 wp-block-columns-is-layout-flex\">\n<div class=\"wp-block-column is-layout-flow wp-block-column-is-layout-flow\" style=\"flex-basis:66.66%\"><div class=\"wp-block-image\">\n<figure class=\"alignright size-full\"><img loading=\"lazy\" decoding=\"async\" width=\"151\" height=\"151\" src=\"https:\/\/www.amicale-golf-seniors-45.com\/wp-content\/uploads\/2022\/01\/Logo-Vaugouard-2022-151x151-1.jpg\" alt=\"\" class=\"wp-image-2852\"\/><\/figure>\n<\/div>\n\n\n<h2 class=\"wp-block-heading\"><strong>Golf de Vaugouard<\/strong><\/h2>\n\n\n\n<p>Chemin des Bois<br>45210 Fontenay-sur-Loing<br>Tel : 02 38 89 79 00<br>Mail. vaugouard@lamaisonyounan.com<br>Web.   <a href=\"https:\/\/www.vaugouard.com\/fr\/page\/golf-de-vaugouard.3492.html\">www.vaugouard.com<\/a><a href=\"www.golfdelapicardiere.com\" target=\"_blank\" rel=\"noreferrer noopener\"><br><\/a>Le parcours dix-huit trous (par 72 de 6 002 m\u00e8tres) est tr\u00e8s bois\u00e9, vallonn\u00e9 et agr\u00e9ment\u00e9 de plans d&rsquo;eau \u00e0 traverser.<\/p>\n<\/div>\n\n\n\n<div class=\"wp-block-column is-vertically-aligned-center is-layout-flow wp-block-column-is-layout-flow\" style=\"flex-basis:33.33%\">\n<figure class=\"wp-block-image size-large is-resized\"><img loading=\"lazy\" decoding=\"async\" width=\"1024\" height=\"684\" src=\"https:\/\/www.amicale-golf-seniors-45.com\/wp-content\/uploads\/2017\/02\/Vaugouard-1-1500x1000-1024x684.jpg\" alt=\"\" class=\"wp-image-282\" style=\"width:391px;height:261px\" srcset=\"https:\/\/www.amicale-golf-seniors-45.com\/wp-content\/uploads\/2017\/02\/Vaugouard-1-1500x1000-1024x684.jpg 1024w, https:\/\/www.amicale-golf-seniors-45.com\/wp-content\/uploads\/2017\/02\/Vaugouard-1-1500x1000-300x200.jpg 300w, https:\/\/www.amicale-golf-seniors-45.com\/wp-content\/uploads\/2017\/02\/Vaugouard-1-1500x1000-768x513.jpg 768w, https:\/\/www.amicale-golf-seniors-45.com\/wp-content\/uploads\/2017\/02\/Vaugouard-1-1500x1000.jpg 1497w\" sizes=\"auto, (max-width: 1024px) 100vw, 1024px\" \/><\/figure>\n<\/div>\n<\/div>\n\n\n\n<div class=\"wp-block-columns is-layout-flex wp-container-core-columns-is-layout-9d6595d7 wp-block-columns-is-layout-flex\">\n<div class=\"wp-block-column is-layout-flow wp-block-column-is-layout-flow\" style=\"flex-basis:66.66%\"><div class=\"wp-block-image\">\n<figure class=\"alignright size-full\"><img loading=\"lazy\" decoding=\"async\" width=\"257\" height=\"70\" src=\"https:\/\/www.amicale-golf-seniors-45.com\/wp-content\/uploads\/2025\/12\/Logo-Nancay-257x70-1.png\" alt=\"\" class=\"wp-image-5493\" srcset=\"https:\/\/www.amicale-golf-seniors-45.com\/wp-content\/uploads\/2025\/12\/Logo-Nancay-257x70-1.png 257w, https:\/\/www.amicale-golf-seniors-45.com\/wp-content\/uploads\/2025\/12\/Logo-Nancay-257x70-1-150x41.png 150w\" sizes=\"auto, (max-width: 257px) 100vw, 257px\" \/><\/figure>\n<\/div>\n\n\n<h2 class=\"wp-block-heading\"><strong>Golf de Nancay<\/strong><\/h2>\n\n\n\n<p>DOMAINE DE SAMORD<br>Route de Bourges<br>18330 NAN\u00c7AY<br>Tel : +33 (0) 248 518 655<br>Mail. legolfdesetoiles@gmail.com<br>Web. <a href=\"https:\/\/www.vaugouard.com\/fr\/page\/golf-de-vaugouard.3492.html\" target=\"_blank\" rel=\"noreferrer noopener\">www.le-golf-des-etoiles.fr<\/a><a href=\"https:\/\/www.le-golf-des-etoiles.fr\/\" target=\"_blank\" rel=\"noreferrer noopener\"><br><\/a>situ\u00e9 dans un magnifique \u00e9crin naturel au c\u0153ur de la Sologne, dans le d\u00e9partement du Cher. Ce charmant 9 trous vous fera croiser une faune et une flore riche en diversit\u00e9.<\/p>\n<\/div>\n\n\n\n<div class=\"wp-block-column is-vertically-aligned-center is-layout-flow wp-block-column-is-layout-flow\" style=\"flex-basis:33.33%\">\n<figure class=\"wp-block-image size-full is-resized\"><img loading=\"lazy\" decoding=\"async\" width=\"420\" height=\"280\" src=\"https:\/\/www.amicale-golf-seniors-45.com\/wp-content\/uploads\/2025\/12\/Nancay-420x280-1.jpg\" alt=\"\" class=\"wp-image-5494\" style=\"width:391px;height:261px\" srcset=\"https:\/\/www.amicale-golf-seniors-45.com\/wp-content\/uploads\/2025\/12\/Nancay-420x280-1.jpg 420w, https:\/\/www.amicale-golf-seniors-45.com\/wp-content\/uploads\/2025\/12\/Nancay-420x280-1-300x200.jpg 300w, https:\/\/www.amicale-golf-seniors-45.com\/wp-content\/uploads\/2025\/12\/Nancay-420x280-1-310x207.jpg 310w, https:\/\/www.amicale-golf-seniors-45.com\/wp-content\/uploads\/2025\/12\/Nancay-420x280-1-150x100.jpg 150w\" sizes=\"auto, (max-width: 420px) 100vw, 420px\" \/><\/figure>\n<\/div>\n<\/div>\n\n\n<p>[\/vc_column_text][vc_column_text]<\/p>\n<p>[\/vc_column_text][\/vc_column][\/vc_row]<\/p>","protected":false},"excerpt":{"rendered":"<p>[vc_row][vc_column][vc_column_text] Golf de La Picardi\u00e8re AS Golf de Vierzon la Picardi\u00e8re18100 VIERZONT\u00e9l. 02 38 89 79 00Mail. contact@golfdelapicardiere.comWeb. www.golfdelapicardiere.comLe parcours dix-huit trous (par 72 de 5 873 m\u00e8tres) se d\u00e9ploie sur un domaine de soixante hectares parsem\u00e9 de vieux ch\u00eanes et de petits lacs Golf de Vaugouard Chemin des Bois45210 Fontenay-sur-LoingTel : 02 38 89 [&hellip;]<\/p>\n","protected":false},"author":1,"featured_media":0,"parent":0,"menu_order":0,"comment_status":"closed","ping_status":"closed","template":"","meta":{"footnotes":""},"class_list":["post-250","page","type-page","status-publish","hentry"],"_links":{"self":[{"href":"https:\/\/www.amicale-golf-seniors-45.com\/index.php\/wp-json\/wp\/v2\/pages\/250","targetHints":{"allow":["GET"]}}],"collection":[{"href":"https:\/\/www.amicale-golf-seniors-45.com\/index.php\/wp-json\/wp\/v2\/pages"}],"about":[{"href":"https:\/\/www.amicale-golf-seniors-45.com\/index.php\/wp-json\/wp\/v2\/types\/page"}],"author":[{"embeddable":true,"href":"https:\/\/www.amicale-golf-seniors-45.com\/index.php\/wp-json\/wp\/v2\/users\/1"}],"replies":[{"embeddable":true,"href":"https:\/\/www.amicale-golf-seniors-45.com\/index.php\/wp-json\/wp\/v2\/comments?post=250"}],"version-history":[{"count":42,"href":"https:\/\/www.amicale-golf-seniors-45.com\/index.php\/wp-json\/wp\/v2\/pages\/250\/revisions"}],"predecessor-version":[{"id":5526,"href":"https:\/\/www.amicale-golf-seniors-45.com\/index.php\/wp-json\/wp\/v2\/pages\/250\/revisions\/5526"}],"wp:attachment":[{"href":"https:\/\/www.amicale-golf-seniors-45.com\/index.php\/wp-json\/wp\/v2\/media?parent=250"}],"curies":[{"name":"wp","href":"https:\/\/api.w.org\/{rel}","templated":true}]}}