{"id":5856,"date":"2026-04-28T17:48:59","date_gmt":"2026-04-28T15:48:59","guid":{"rendered":"https:\/\/www.amicale-golf-seniors-45.com\/?page_id=5856"},"modified":"2026-04-28T17:48:59","modified_gmt":"2026-04-28T15:48:59","slug":"mentions-legales","status":"publish","type":"page","link":"https:\/\/www.amicale-golf-seniors-45.com\/index.php\/mentions-legales\/","title":{"rendered":"Mentions l\u00e9gales"},"content":{"rendered":"\n\n\n<h2 class=\"wp-block-heading\">\u00c9diteur<\/h2>\n\n\n\n<p>Ce site est \u00e9dit\u00e9 par :<\/p>\n\n\n\n<div class=\"wp-block-columns is-layout-flex wp-container-core-columns-is-layout-9d6595d7 wp-block-columns-is-layout-flex\">\n<div class=\"wp-block-column is-layout-flow wp-block-column-is-layout-flow\">\n<figure class=\"wp-block-image size-medium is-resized\"><img loading=\"lazy\" decoding=\"async\" width=\"300\" height=\"300\" src=\"https:\/\/www.amicale-golf-seniors-45.com\/wp-content\/uploads\/2026\/04\/2019-Logo-Amicale-300x300.jpg\" alt=\"\" class=\"wp-image-5857\" style=\"width:auto;height:180px\" srcset=\"https:\/\/www.amicale-golf-seniors-45.com\/wp-content\/uploads\/2026\/04\/2019-Logo-Amicale-300x300.jpg 300w, https:\/\/www.amicale-golf-seniors-45.com\/wp-content\/uploads\/2026\/04\/2019-Logo-Amicale-150x150.jpg 150w, https:\/\/www.amicale-golf-seniors-45.com\/wp-content\/uploads\/2026\/04\/2019-Logo-Amicale-768x768.jpg 768w, https:\/\/www.amicale-golf-seniors-45.com\/wp-content\/uploads\/2026\/04\/2019-Logo-Amicale-310x310.jpg 310w, https:\/\/www.amicale-golf-seniors-45.com\/wp-content\/uploads\/2026\/04\/2019-Logo-Amicale-105x105.jpg 105w, https:\/\/www.amicale-golf-seniors-45.com\/wp-content\/uploads\/2026\/04\/2019-Logo-Amicale.jpg 1000w\" sizes=\"auto, (max-width: 300px) 100vw, 300px\" \/><\/figure>\n<\/div>\n\n\n\n<div class=\"wp-block-column is-layout-flow wp-block-column-is-layout-flow\">\n<p><strong>GOLF SENIORS AMICALE DU LOIRET<\/strong><\/p>\n<p>4 domaine de la Grange<br \/>41600 Nouan-le-Fuzelier<\/p>\n<p>Association r\u00e9gie par la loi de 1901<\/p>\n<p>RNA WA451000230<\/p>\n<p>\u00a0<\/p>\n<\/div>\n\n\n\n<div class=\"wp-block-column is-layout-flow wp-block-column-is-layout-flow\">\n<p>\u00a0<\/p>\n<p>Directeur de la Publication : A. Walet, Pr\u00e9sident<\/p>\n<p>Courriel : <a href=\"mailto:contact@amicale-golf-seniors-45.com\" target=\"_blank\" rel=\"noopener\">contact@amicale-golf-seniors-45.com<\/a><\/p>\n<\/div>\n<\/div>\n\n\n\n<h2 class=\"wp-block-heading\">H\u00e9bergeur<\/h2>\n\n\n\n<p>Ce site est h\u00e9berg\u00e9 par :<\/p>\n\n\n\n<div class=\"wp-block-columns is-layout-flex wp-container-core-columns-is-layout-9d6595d7 wp-block-columns-is-layout-flex\">\n<div class=\"wp-block-column is-layout-flow wp-block-column-is-layout-flow\">\n<figure class=\"wp-block-image size-full\"><img loading=\"lazy\" decoding=\"async\" width=\"150\" height=\"150\" src=\"https:\/\/www.amicale-golf-seniors-45.com\/wp-content\/uploads\/2026\/04\/logo-ovhcloud.webp\" alt=\"logo h\u00e9bergeur Ovhcloud\" class=\"wp-image-5858\" srcset=\"https:\/\/www.amicale-golf-seniors-45.com\/wp-content\/uploads\/2026\/04\/logo-ovhcloud.webp 150w, https:\/\/www.amicale-golf-seniors-45.com\/wp-content\/uploads\/2026\/04\/logo-ovhcloud-105x105.webp 105w\" sizes=\"auto, (max-width: 150px) 100vw, 150px\" \/><\/figure>\n<\/div>\n\n\n\n<div class=\"wp-block-column is-layout-flow wp-block-column-is-layout-flow\">\n<p><a href=\"https:\/\/www.ovhcloud.com\" target=\"_blank\" rel=\"noopener\"><strong>OVHCloud<\/strong><\/a><\/p>\n<p>2 rue Kellermann<br>59100 Roubaix<br>France<\/p>\n<p>SAS au capital de 50 000 000 \u20ac<\/p>\n<p>RCS Lille M\u00e9tropole 424 761 419 00045<\/p>\n<\/div>\n\n\n\n<div class=\"wp-block-column is-layout-flow wp-block-column-is-layout-flow\">\n<p>\u00a0<\/p>\n<p>T\u00e9l\u00e9phone : +33 (0) 9 72 10 10 07<br \/>Courriel : <a href=\"mailto:contact@ovh.com\" rel=\"nofollow\">contact@ovh.com<\/a><\/p>\n<\/div>\n<\/div>\n\n\n\n<h2 class=\"wp-block-heading\">Infog\u00e9rance<\/h2>\n\n\n\n<p>Ce site est maintenu par :<\/p>\n\n\n\n<div class=\"wp-block-columns is-layout-flex wp-container-core-columns-is-layout-9d6595d7 wp-block-columns-is-layout-flex\">\n<div class=\"wp-block-column is-layout-flow wp-block-column-is-layout-flow\">\n<figure class=\"wp-block-image size-full\"><a href=\"https:\/\/www.connection.fr\/?mtm_campaign=ref&amp;mtm_source=golf\" target=\"_blank\" rel=\" noreferrer noopener\"><img loading=\"lazy\" decoding=\"async\" width=\"135\" height=\"89\" src=\"https:\/\/www.amicale-golf-seniors-45.com\/wp-content\/uploads\/2026\/04\/logo_connection.jpg\" alt=\"\" class=\"wp-image-5861\" style=\"object-fit:cover\"\/><\/a><\/figure>\n<\/div>\n\n\n\n<div class=\"wp-block-column is-layout-flow wp-block-column-is-layout-flow\">\n<p><a href=\"https:\/\/www.connection.fr\/?mtm_campaign=ref&amp;mtm_source=golf\" target=\"_blank\" rel=\"noopener\" data-wplink-edit=\"true\"><strong>CONNECTION<\/strong><\/a><\/p>\n<p>261 rue de Paris<br \/>93100 Montreuil<br \/>France<\/p>\n<p>SAS au capital de 1 000 000 \u20ac<\/p>\n<p>RCS Bobigny 328 223 466<\/p>\n<\/div>\n\n\n\n<div class=\"wp-block-column is-layout-flow wp-block-column-is-layout-flow\">\n<p>\u00a0<\/p>\n<p>T\u00e9l\u00e9phone : +33 (0) 1 56 52 10 10<br \/>Courriel : <a href=\"mailto:contact@connection.fr\" target=\"_blank\" rel=\"nofollow noopener\">contact@connection.fr<\/a><\/p>\n<\/div>\n<\/div>\n\n\n\n\n\n\n\n\n","protected":false},"excerpt":{"rendered":"<p>\u00c9diteur Ce site est \u00e9dit\u00e9 par : GOLF SENIORS AMICALE DU LOIRET 4 domaine de la Grange41600 Nouan-le-Fuzelier Association r\u00e9gie par la loi de 1901 RNA WA451000230 \u00a0 \u00a0 Directeur de la Publication : A. Walet, Pr\u00e9sident Courriel : contact@amicale-golf-seniors-45.com H\u00e9bergeur Ce site est h\u00e9berg\u00e9 par : OVHCloud 2 rue Kellermann59100 RoubaixFrance SAS au capital [&hellip;]<\/p>\n","protected":false},"author":7,"featured_media":0,"parent":0,"menu_order":0,"comment_status":"closed","ping_status":"closed","template":"","meta":{"footnotes":""},"class_list":["post-5856","page","type-page","status-publish","hentry"],"_links":{"self":[{"href":"https:\/\/www.amicale-golf-seniors-45.com\/index.php\/wp-json\/wp\/v2\/pages\/5856","targetHints":{"allow":["GET"]}}],"collection":[{"href":"https:\/\/www.amicale-golf-seniors-45.com\/index.php\/wp-json\/wp\/v2\/pages"}],"about":[{"href":"https:\/\/www.amicale-golf-seniors-45.com\/index.php\/wp-json\/wp\/v2\/types\/page"}],"author":[{"embeddable":true,"href":"https:\/\/www.amicale-golf-seniors-45.com\/index.php\/wp-json\/wp\/v2\/users\/7"}],"replies":[{"embeddable":true,"href":"https:\/\/www.amicale-golf-seniors-45.com\/index.php\/wp-json\/wp\/v2\/comments?post=5856"}],"version-history":[{"count":12,"href":"https:\/\/www.amicale-golf-seniors-45.com\/index.php\/wp-json\/wp\/v2\/pages\/5856\/revisions"}],"predecessor-version":[{"id":5871,"href":"https:\/\/www.amicale-golf-seniors-45.com\/index.php\/wp-json\/wp\/v2\/pages\/5856\/revisions\/5871"}],"wp:attachment":[{"href":"https:\/\/www.amicale-golf-seniors-45.com\/index.php\/wp-json\/wp\/v2\/media?parent=5856"}],"curies":[{"name":"wp","href":"https:\/\/api.w.org\/{rel}","templated":true}]}}